1).
7
Suppose -50*i = -43*i - 14. Let d(q) = 6 + 346*q**i + 345*q**2 - 3 + q**3 - 685*q**2 + 7*q. Suppose -r - 4 = 1. Determine d(r).
-7
Let p(s) = -8*s - 8. Let i(l) = 13*l + 16. Let c(w) = -5*w - 6. Let u(x) = -8*c(x) - 3*i(x). Let o(t) = -p(t) - 4*u(t). Determine o(-8).
-24
Suppose -46 = 94*u + 48. Let n(x) = 5*x - 2. What is n(u)?
-7
Let q(r) be the third derivative of r**5/30 + 13*r**4/24 + 5*r**3/3 - r**2. Let i be (-195)/(-90) - (-2)/(-3) - (-13)/(-2). Calculate q(i).
-5
Let j = 137 - 136. Let n(l) = -6*l - 2 + 13 - j - 7. Calculate n(-4).
27
Let j(k) be the first derivative of k**3/3 + 8*k**2 + 21*k - 14. Let f be j(-14). Let w be 0 + 0 - (-4 - f). Let i(n) = n**3 + 2*n**2 - 5*n - 4. Calculate i(w).
2
Let c(w) = -2*w - 5. Suppose 5*g - 252 - 18 = 0. Let v = g - 49. Suppose 0*j - 18 = 3*x - 5*j, 24 = -4*x - v*j. Calculate c(x).
7
Let g = 4670 + -4673. Let l(o) = -2*o**2 + 4. Calculate l(g).
-14
Suppose -5*a + 14 = 4*d, 9 + 0 = 5*a - d. Let f(n) = 11*n**2 + 7*n**2 - 1 - 23*n**2 - a*n + 2. Determine f(2).
-23
Let p(f) = -9*f + 14. Let y(a) = 20*a - 30. Let m(o) = -7*p(o) - 3*y(o). What is m(-2)?
-14
Suppose 2*y = 3*p + 35, -18 = 3*y + p - 65. Let k(h) be the second derivative of -11/6*h**3 + 3/4*h**4 - 7*h**2 + 0 + 1/20*h**5 + y*h. Determine k(-10).
-4
Let l(k) = k**3 + 13*k**2 - 34*k - 36. Let b(m) = 175*m - 4215. Let w be b(24). Give l(w).
24
Let z be 39/6 + 9/(-6) - (-11 + 10). Let d(b) be the third derivative of b**4/8 - 7*b**3/3 + b**2. What is d(z)?
4
Let v(c) = -c**3 - 2*c**2 - c. Let s(q) = -5*q**3 - 14*q + 7. Suppose 3*y + 20 = 8, 0 = t + y + 3. Let f(u) = t*s(u) - 4*v(u). Let b = 11 + -5. What is f(b)?
19
Suppose -3 = 52*q - 65 + 10. Let m(j) = 10*j**2 + 2*j - 4. Give m(q).
8
Let s be 15/(-10) + (-7)/(-2). Let g(k) = -73*k - 16*k**s - 1 - 73*k + 148*k. What is g(1)?
-15
Let v(x) = x**3 - 8*x**2 + 11*x + 10. Suppose 0 = 17*t - 223 + 121. Determine v(t).
4
Suppose 3*h = -d - 10, 0 = h - 4*d - 42 + 54. Let r(v) = v**2 + 5*v + 10. Determine r(h).
6
Let m(q) be the second derivative of -10*q**3/3 + 17*q**2/2 - 1015*q + 2. What is m(-3)?
77
Let w(d) = -d**3 + 2*d**2 + 8*d + 6. Suppose -19*t + 45 + 31 = 0. What is w(t)?
6
Suppose 0 = 10*v - 114 + 54. Let q(b) = -v + 5*b**2 - b**3 + 2 - 1725*b + 1724*b. Determine q(5).
-9
Suppose 31 = -76*r + 91*r + 121. Let b(i) = -4*i - 23. Determine b(r).
1
Let p(w) = w**3 + 10*w**2 + 10*w. Let f(u) = -140*u - 11489. Let n be f(-82). What is p(n)?
-9
Let q = 51 + -3. Suppose i + 2*g = q, -3*i - 4*g + 136 = -0*i. Let c = i + -43. Let m(o) = -2*o + 3. Give m(c).
9
Let v(p) be the second derivative of 11*p**3/3 - 3*p**2/2 - 554*p. Determine v(1).
19
Let w(k) = -5*k**3 - 17*k**2 - k + 18. Let d(q) = 3*q**3 + 6*q**2 + q. Let h(p) = -2*d(p) - w(p). Determine h(6).
-60
Let z(c) = -c**3 + 17*c**2 + 70*c - 114. Let y(o) = -o**2 - 4*o + 2. Let r(v) = 3*y(v) + z(v). Calculate r(17).
11
Let k(i) = i**3 - 14*i**2 - 13*i + 11. Let j be 1236/84 + 8/28. Determine k(j).
41
Let r(j) = 4*j - 21. Let t be r(6). Let o(k) = -331*k**2 + 2*k**t - 329*k**2 - 2 + 3*k + 656*k**2. Calculate o(3).
25
Suppose -13*m + 4*y = -11*m + 4, 5*m - 35 = y. Let l(r) = -2*r**3 + 15*r**2 + 3*r + 11. What is l(m)?
-29
Let z(l) = 125*l + 118. Let k be z(-1). Let b = -20 - -22. Let h(c) = 3 + b*c + 1 - c + 5. Give h(k).
2
Let c(k) be the second derivative of 7/12*k**4 - 7/6*k**3 - 1/20*k**5 + 9/2*k**2 + 0 - 128*k. Suppose 0 = -2*t + 3*g + 6, t + 4*g - 38 = -4*t. Determine c(t).
3
Let s be 3 + (4 - (-1 - 2)) + (-3 - -3). Let f(k) = -9*k + 52. What is f(s)?
-38
Let z(k) = k**2 - 9*k + 10. Let u(f) = 4*f - 3*f - f**3 + 2*f - 5*f**2 + 0*f**3 - 10. Suppose -28 = 5*g - 2*y, -g - 3*y = y + 10. Let v be u(g). Determine z(v).
2
Let a(r) = -6*r - 9*r - 2*r + 10 + 13*r + 7. Determine a(1).
13
Let a(h) be the first derivative of -h**4/4 + h**3/3 + h**2/2 + 49. Let o(t) = -4*t**2 - 4*t. Let k(j) = -4*a(j) - o(j). Let d be 6/15 - 3/(-5). Give k(d).
4
Let y be 1*-3*(-1 + 3). Let w(s) = -4*s - 1 - 5*s + 0*s - s + 11*s. Let m(c) = 2*c - 3. Let b(t) = y*m(t) + 17*w(t). What is b(1)?
6
Let a(q) be the second derivative of -2/3*q**3 - 1/12*q**4 + 0 + 19*q + 9/2*q**2. What is a(-5)?
4
Let n(p) be the third derivative of p**4/8 - 7*p**3/6 + 3*p**2 - 4*p - 202. Let c = -1 - 0. Let l(t) = -5*t**3 - 2*t - 1. Let s be l(c). Determine n(s).
11
Suppose 45*y + 1416 = -132*y. Let i(k) = k**3 + 3*k**2 - 42*k - 11. What is i(y)?
5
Let o(d) be the second derivative of -d**4/12 - 25*d**3/6 - 4*d**2 - 280*d + 3. Calculate o(-24).
16
Let o(a) = 2*a**2 - 3*a + 6. Let x be o(0). Suppose -4*f - 6 = -2*t, -14*f = 2*t - 12*f - x. Let b(j) = 3*j - 2. Calculate b(t).
7
Let w(d) = 14 + 2*d**2 - 60 - 52*d + 79*d - 74*d. Calculate w(24).
-22
Let g(q) be the second derivative of -q**6/120 + q**5/12 + q**3/6 - 31*q**2 + 273*q. Let o(y) be the first derivative of g(y). Give o(5).
1
Let f(c) = 5*c - 3. Let m be (-3056)/10 + (-64)/10 + 6. Let p = 311 + m. Give f(p).
22
Let o(i) = -5 - 23*i**2 - 23*i**2 + 94*i**2 - 30*i**2 - 19*i**2 + 4*i. Let w = 12 + -8. Suppose -w*h - 4 = -5*d, -3*h - 4*d + d = -24. Calculate o(h).
-5
Let l(w) = -2 + 8*w**2 + w**3 - 3*w - 10*w**2 + 3*w**2. Let z(u) = 15*u - 2*u**2 - 4*u**3 + 3*u**3 + 0*u**2 + 14 + 17*u**2. Let i be z(16). Give l(i).
0
Let c(l) be the second derivative of -l**5/20 - l**4/2 + l**3/3 + 4*l**2 - 2*l + 18. Suppose 2 + 1 = 3*j. Suppose a + 7 = j. Calculate c(a).
-4
Let f(m) = -7*m**2 + 111*m + 33. Let g be f(16). Let b(r) = r**3 - 18*r**2 + 17*r + 3. Determine b(g).
3
Suppose -d - c - 2 = -3*d, c = -4*d + 10. Let f(t) = -404*t - 35*t**d + 200*t + 203*t. Calculate f(-1).
-34
Let k(f) = -f**3 - 26*f**2 + 26*f + 11. Let h be k(-27). Let l(x) = -50*x + 2 - 10 - 3 + h*x - x**2. What is l(-10)?
9
Suppose 7 - 4 = s + 2*z, s - 3*z - 3 = 0. Let f(l) be the second derivative of -2*l**2 + 0 - 54*l - 1/6*l**4 + 1/20*l**5 - 1/2*l**3. Give f(s).
-4
Let y = -266 + 381. Let n be 7/(2*4/8). Let k(u) = 110*u - 338*u + y*u + 114*u - n. What is k(-7)?
-14
Let d(z) = 6*z - 19. Suppose 4*u + 2*a - 60 = 52, 4*a + 28 = u. Suppose u*v + 16 = 4*w + 23*v, -3*w = 5*v - 12. Calculate d(w).
5
Let u(z) = -z**3 + 20*z**2 + 17*z - 24. Let l be u(21). Let r = l + 98. Let x(d) = -d**2 - 9*d + 13. Give x(r).
3
Let m(u) = 8*u - 23. Suppose 4*o + 14 = 2*p, 6*p - 9*p - 4*o = -11. Give m(p).
17
Suppose 14*u + 606 = 410. Let k(n) = n**2 + 20*n + 2. Calculate k(u).
-82
Suppose -2*g + 0*g = -4. Let p(u) = -u**2 + 3*u**2 - 2 - 4*u - g*u**2 + u**2. Let a be 2/(-9) + (94/18 - 0). Calculate p(a).
3
Let o(g) = 18 - g - 32*g - 61 - 27. Give o(-2).
-4
Let b(p) be the second derivative of -1/3*p**3 + 3*p + 40 + p**2. Give b(-2).
6
Suppose 34*m = 37*m + 12. Let t be (18/m - -3)*(-4)/2. Let u(z) = 5*z - 5*z**2 + 8 + z**3 + 6 - 18. Give u(t).
-7
Let d be 80/14 - (-7 - (-329)/49). Let i(k) = -8*k + 3 + 3*k - 3*k**2 - k**3 + d*k - k**2. What is i(-4)?
-1
Let j(p) = 9 - 212954*p**2 + 106473*p**2 - 20*p + 106482*p**2 + 13. Determine j(5).
-53
Suppose 48*u + 173 + 261 = 17*u. Let f(p) = -p**2 - 14*p - 7. Calculate f(u).
-7
Let a(m) = -m**2 - 24*m + 15. Let k be (-5*20/(-12))/(((-102)/18)/17). What is a(k)?
-10
Let o(u) be the first derivative of -3*u**2/2 + 9*u + 674. Calculate o(-9).
36
Let h(p) be the first derivative of -1/8*p**4 - 1/360*p**6 + 49 + 2*p + 1/24*p**5 + 5*p**3 + 0*p**2. Let u(m) be the third derivative of h(m). Give u(7).
-17
Let t be ((-4)/(-16))/((-1)/(-4)). Let s be t/3*0/4. Let r(i) = i**2 + i - 2. Give r(s).
-2
Let n(l) = -22*l - 135. Let d(s) = -15*s - 127. Let u(c) = 4*d(c) - 3*n(c). What is u(16)?
-7
Let j(a) = -4*a**2 + a**2 + a - 14 - 4*a**2 + 9*a**2 - 3*a**2. Let q be 17/68 - 1/4. What is j(q)?
-14
Let o(a) = -a**3 - 6*a**2 - 8*a - 14. Let w be o(-5). Let h be 26/8 - w/4. Let d(x) = x**3 - 3*x**2 + x - 2. What is d(h)?
1
Let j be (216/(-63) - -4) + 132/14. Let t be (-15)/(-25) - (-4)/j. Let i(h) = -4*h**3 + 2*h**2 - h - 1. Calculate i(t).
-4
Let q(y) = -y**3 - 2*y - 3. Let x be -3 + 13 + 1 - 6. Suppose -x*s - 25 = -w, 2*s = -w + 6*s + 20. Give q(w).
-3
Let t(f) = -1 + 100841*f - 50420*f - 50420*f. Let w be (-26)/3 - 1/3. Calculate t(w).
-10
Suppose -13*k = -83 - 216. Let o(i) = -33 + 21*i**2 + k + 11. Determine o(1).
22
Let i(j) = 0*j**2 + 0*j - 5*j - j**2. Suppose -4*y - 4